{"id":96,"date":"2023-01-11T17:24:45","date_gmt":"2023-01-11T20:24:45","guid":{"rendered":"https:\/\/monoambiente.com.ar\/amanciowilliams\/?page_id=96"},"modified":"2023-01-11T17:24:45","modified_gmt":"2023-01-11T20:24:45","slug":"conferencias","status":"publish","type":"page","link":"https:\/\/monoambiente.com.ar\/amanciowilliams\/conferencias\/","title":{"rendered":"Conferencias"},"content":{"rendered":"<p>1955-1956<\/p>\n<hr \/>\n<p>Universidad de Harvard, EE.UU. Massachussets Institute of Technology, EE.UU. Illinois Institute of Technology, Chicago, EE.UU. Universidad de Princeton, EE.UU. Centro de Arquitectos y Urbanistas de St. Louis, EE.UU. Centro de Arquitectos de Detroit, EE.UU. Colorado Springs, EE.UU Universidad de Stanford, California, EE.UU. Estas conferencias, a pedido de dichas universidades y centros, versaron sobre ideas y trabajos de Amancio Williams<\/p>\n<p>1958<\/p>\n<hr \/>\n<p>La Ville Radieuse, La Ciudad Lineal y el Sistema Metro-Lineal de Malcolmson, en la exposici\u00f3n de Arquitectura Contempor\u00e1nea Norteamericana, enviada por el Museo de Arte Moderno de Nueva York y exhibida por el Museo S\u00edvori, Buenos Aires La Arquitectura Moderna en los Estados Unidos de Norteam\u00e9rica, en la exposici\u00f3n mencionada<\/p>\n<p>1960<\/p>\n<hr \/>\n<p>Plan Regional del Tigre, Consejo Deliberante dela Municipalidad de Tigre, Provincia de Buenos Aires Sala para el Espect\u00e1culo Pl\u00e1stico y el Sonido en el Espacio, Consejo Deliberante de la Municipalidad de Tigre, Provincia de Buenos Aires 1961 Cruz en el R\u00edo de la Plata, Conferencia de Prensa en Casa de Gobierno, Buenos Aires<\/p>\n<p>1964<\/p>\n<hr \/>\n<p>Viviendas en el Espacio, en la Municipalidad de Lan\u00fas, Provincia de Buenos Aires<\/p>\n<p><strong><br \/>\n<\/strong>1965<\/p>\n<hr \/>\n<p>Homenaje a Le Corbusier, Mesa Redonda en la Facultad de Derecho y Ciencias Sociales de la Universidad de Buenos Aires<\/p>\n<p>1968<\/p>\n<hr \/>\n<p>Ideas y Proyectos de Amancio Williams, Santa Rosa, La Pampa<\/p>\n<p>1969<\/p>\n<hr \/>\n<p>Planeamiento urbano de la Patagonia \u2013 1943, Direcci\u00f3n nacional de Cultura, Comodoro Rivadavia<\/p>\n<p>1975<\/p>\n<hr \/>\n<p>Planeamiento de la Patagonia \u2013 Planeamiento de Buenos Aires en relaci\u00f3n al pa\u00eds y al Continente \u2013 Planeamiento de Corrientes y su regi\u00f3n inmediata \u2013 La Ciudad que necesita la Humanidad \u2013 conferencias dictadas en la Facultad de Arquitectura de la Universidad de la Rep\u00fablica, Montevideo, Uruguay 1976 La Ciudad que necesita la Humanidad, Academia Nacional de Bellas Artes, Buenos Aires.<\/p>\n<p>1977<\/p>\n<hr \/>\n<p>La Ciudad que necesita la Humanidad, IX Jornadas Argentinas de Arquitectura, Azul, Provincia de Buenos Aires<\/p>\n<p>1979<\/p>\n<hr \/>\n<p>La Ciudad que necesita la Humanidad, Facultad de Arquitectura de la Universidad Cat\u00f3lica de Santa Fe, Museo Provincial Rosa Galisteo de Gal\u00edndez, Santa Fe Casa sobre el Arroyo en Mar del Plata, visita y charla con docentes y alumnos de la Facultad de Arquitectura y Urbanismo de la Universidad Nacional de Mar del Plata La Ciudad que necesita la Humanidad, Centro M\u00e9dico de Mar del Plata, Provincia de Buenos Aires<\/p>\n<p>1980<\/p>\n<hr \/>\n<p>La Ciudad que necesita la Humanidad, Museo Nacional de Arte Decorativo \u2013Palacio Err\u00e1zuriz-, Buenos Aires<\/p>\n<p>1981<\/p>\n<hr \/>\n<p>El aporte de Le Corbusier a la arquitectura moderna, CAYC, Buenos Aires 1985 La Ciudad que necesita la Humanidad, localidad de Campana, Provincia de Buenos Aires<\/p>\n<p>1987<\/p>\n<hr \/>\n<p>Viviendas en el Espacio, Propuesta Urbana de car\u00e1cter Lineal \u2013 La Ciudad en la Ant\u00e1rtida &#8211; La Ciudad que necesita la Humanidad, Universidad de Michigan, conferencia organizada por Reginald Malcolmson<\/p>\n<p>1989<\/p>\n<hr \/>\n<p>La Ciudad que necesita la Humanidad, Coloquio Internacional Creatividad: Arquitectura + Interdisciplina, Facultad de Arquitectura, Universidad Nacional de Buenos Aires<\/p>\n","protected":false},"excerpt":{"rendered":"<p>1955-1956 Universidad de Harvard, EE.UU. Massachussets Institute of Technology, EE.UU. Illinois Institute of Technology, Chicago, EE.UU. Universidad de Princeton, EE.UU. Centro de Arquitectos y Urbanistas de St. Louis, EE.UU. Centro de Arquitectos de Detroit, EE.UU. Colorado Springs, EE.UU Universidad de Stanford, California, EE.UU. Estas conferencias, a pedido de dichas universidades y centros, versaron sobre ideas [&hellip;]<\/p>\n","protected":false},"author":1,"featured_media":0,"parent":0,"menu_order":0,"comment_status":"closed","ping_status":"closed","template":"","meta":{"footnotes":""},"class_list":["post-96","page","type-page","status-publish","hentry"],"acf":[],"yoast_head":"<!-- This site is optimized with the Yoast SEO plugin v26.9 - https:\/\/yoast.com\/product\/yoast-seo-wordpress\/ -->\n<title>Conferencias - Amancio Williams<\/title>\n<meta name=\"robots\" content=\"index, follow, max-snippet:-1, max-image-preview:large, max-video-preview:-1\" \/>\n<link rel=\"canonical\" href=\"https:\/\/monoambiente.com.ar\/amanciowilliams\/conferencias\/\" \/>\n<meta property=\"og:locale\" content=\"es_ES\" \/>\n<meta property=\"og:type\" content=\"article\" \/>\n<meta property=\"og:title\" content=\"Conferencias - Amancio Williams\" \/>\n<meta property=\"og:description\" content=\"1955-1956 Universidad de Harvard, EE.UU. Massachussets Institute of Technology, EE.UU. Illinois Institute of Technology, Chicago, EE.UU. Universidad de Princeton, EE.UU. Centro de Arquitectos y Urbanistas de St. Louis, EE.UU. Centro de Arquitectos de Detroit, EE.UU. Colorado Springs, EE.UU Universidad de Stanford, California, EE.UU. Estas conferencias, a pedido de dichas universidades y centros, versaron sobre ideas [&hellip;]\" \/>\n<meta property=\"og:url\" content=\"https:\/\/monoambiente.com.ar\/amanciowilliams\/conferencias\/\" \/>\n<meta property=\"og:site_name\" content=\"Amancio Williams\" \/>\n<meta name=\"twitter:card\" content=\"summary_large_image\" \/>\n<meta name=\"twitter:label1\" content=\"Tiempo de lectura\" \/>\n\t<meta name=\"twitter:data1\" content=\"2 minutos\" \/>\n<script type=\"application\/ld+json\" class=\"yoast-schema-graph\">{\"@context\":\"https:\/\/schema.org\",\"@graph\":[{\"@type\":\"WebPage\",\"@id\":\"https:\/\/monoambiente.com.ar\/amanciowilliams\/conferencias\/\",\"url\":\"https:\/\/monoambiente.com.ar\/amanciowilliams\/conferencias\/\",\"name\":\"Conferencias - Amancio Williams\",\"isPartOf\":{\"@id\":\"https:\/\/monoambiente.com.ar\/amanciowilliams\/#website\"},\"datePublished\":\"2023-01-11T20:24:45+00:00\",\"inLanguage\":\"es\",\"potentialAction\":[{\"@type\":\"ReadAction\",\"target\":[\"https:\/\/monoambiente.com.ar\/amanciowilliams\/conferencias\/\"]}]},{\"@type\":\"WebSite\",\"@id\":\"https:\/\/monoambiente.com.ar\/amanciowilliams\/#website\",\"url\":\"https:\/\/monoambiente.com.ar\/amanciowilliams\/\",\"name\":\"Amancio Williams\",\"description\":\"Digitalizaci\u00f3n y puesta en valor del Archivo Williams\",\"potentialAction\":[{\"@type\":\"SearchAction\",\"target\":{\"@type\":\"EntryPoint\",\"urlTemplate\":\"https:\/\/monoambiente.com.ar\/amanciowilliams\/?s={search_term_string}\"},\"query-input\":{\"@type\":\"PropertyValueSpecification\",\"valueRequired\":true,\"valueName\":\"search_term_string\"}}],\"inLanguage\":\"es\"}]}<\/script>\n<!-- \/ Yoast SEO plugin. -->","yoast_head_json":{"title":"Conferencias - Amancio Williams","robots":{"index":"index","follow":"follow","max-snippet":"max-snippet:-1","max-image-preview":"max-image-preview:large","max-video-preview":"max-video-preview:-1"},"canonical":"https:\/\/monoambiente.com.ar\/amanciowilliams\/conferencias\/","og_locale":"es_ES","og_type":"article","og_title":"Conferencias - Amancio Williams","og_description":"1955-1956 Universidad de Harvard, EE.UU. Massachussets Institute of Technology, EE.UU. Illinois Institute of Technology, Chicago, EE.UU. Universidad de Princeton, EE.UU. Centro de Arquitectos y Urbanistas de St. Louis, EE.UU. Centro de Arquitectos de Detroit, EE.UU. Colorado Springs, EE.UU Universidad de Stanford, California, EE.UU. Estas conferencias, a pedido de dichas universidades y centros, versaron sobre ideas [&hellip;]","og_url":"https:\/\/monoambiente.com.ar\/amanciowilliams\/conferencias\/","og_site_name":"Amancio Williams","twitter_card":"summary_large_image","twitter_misc":{"Tiempo de lectura":"2 minutos"},"schema":{"@context":"https:\/\/schema.org","@graph":[{"@type":"WebPage","@id":"https:\/\/monoambiente.com.ar\/amanciowilliams\/conferencias\/","url":"https:\/\/monoambiente.com.ar\/amanciowilliams\/conferencias\/","name":"Conferencias - Amancio Williams","isPartOf":{"@id":"https:\/\/monoambiente.com.ar\/amanciowilliams\/#website"},"datePublished":"2023-01-11T20:24:45+00:00","inLanguage":"es","potentialAction":[{"@type":"ReadAction","target":["https:\/\/monoambiente.com.ar\/amanciowilliams\/conferencias\/"]}]},{"@type":"WebSite","@id":"https:\/\/monoambiente.com.ar\/amanciowilliams\/#website","url":"https:\/\/monoambiente.com.ar\/amanciowilliams\/","name":"Amancio Williams","description":"Digitalizaci\u00f3n y puesta en valor del Archivo Williams","potentialAction":[{"@type":"SearchAction","target":{"@type":"EntryPoint","urlTemplate":"https:\/\/monoambiente.com.ar\/amanciowilliams\/?s={search_term_string}"},"query-input":{"@type":"PropertyValueSpecification","valueRequired":true,"valueName":"search_term_string"}}],"inLanguage":"es"}]}},"_links":{"self":[{"href":"https:\/\/monoambiente.com.ar\/amanciowilliams\/wp-json\/wp\/v2\/pages\/96","targetHints":{"allow":["GET"]}}],"collection":[{"href":"https:\/\/monoambiente.com.ar\/amanciowilliams\/wp-json\/wp\/v2\/pages"}],"about":[{"href":"https:\/\/monoambiente.com.ar\/amanciowilliams\/wp-json\/wp\/v2\/types\/page"}],"author":[{"embeddable":true,"href":"https:\/\/monoambiente.com.ar\/amanciowilliams\/wp-json\/wp\/v2\/users\/1"}],"replies":[{"embeddable":true,"href":"https:\/\/monoambiente.com.ar\/amanciowilliams\/wp-json\/wp\/v2\/comments?post=96"}],"version-history":[{"count":1,"href":"https:\/\/monoambiente.com.ar\/amanciowilliams\/wp-json\/wp\/v2\/pages\/96\/revisions"}],"predecessor-version":[{"id":97,"href":"https:\/\/monoambiente.com.ar\/amanciowilliams\/wp-json\/wp\/v2\/pages\/96\/revisions\/97"}],"wp:attachment":[{"href":"https:\/\/monoambiente.com.ar\/amanciowilliams\/wp-json\/wp\/v2\/media?parent=96"}],"curies":[{"name":"wp","href":"https:\/\/api.w.org\/{rel}","templated":true}]}}