{"id":94,"date":"2023-01-11T17:24:26","date_gmt":"2023-01-11T20:24:26","guid":{"rendered":"https:\/\/monoambiente.com.ar\/amanciowilliams\/?page_id=94"},"modified":"2023-01-11T17:24:26","modified_gmt":"2023-01-11T20:24:26","slug":"exposiciones","status":"publish","type":"page","link":"https:\/\/monoambiente.com.ar\/amanciowilliams\/exposiciones\/","title":{"rendered":"Exposiciones"},"content":{"rendered":"<p><strong>1946-1947<\/strong><br \/>\nMuseo de la Fundaci\u00f3n Guggenheim, Nueva York, continuada por exposiciones circulantes organizadas por el mismo<\/p>\n<p><strong>1947<\/strong><br \/>\nExposition internacional de l\u2019Urbanismo et l\u2019Architecture, Par\u00eds. Stand realizado con la colaboraci\u00f3n del taller de Le Corbusier sobre la obra de Williams<\/p>\n<p>Universidad de Montevideo, Uruguay, Centro de Estudiantes de Arquitectura, Exposici\u00f3n de Arquitectura y Urbanismo<\/p>\n<p>VI Exposici\u00f3n Panamericana de Arquitectura y Urbanismo, Lima, Per\u00fa<\/p>\n<p>Exposici\u00f3n Trienal de Mil\u00e1n, Italia<\/p>\n<p><strong>1948<\/strong><br \/>\nMil\u00e1n, exposici\u00f3n organizada por Tom\u00e1s Maldonado<\/p>\n<p>Zurich, exposici\u00f3n organizada por Tom\u00e1s Maldonado<\/p>\n<p><strong>1949<\/strong><br \/>\nUniversidad de Montevideo, Uruguay, Centro de Estudiantes de Arquitectura, Exposici\u00f3n Panamericana de la Vivienda Media y M\u00ednima<\/p>\n<p>Exposici\u00f3n de Arquitectura y Urbanismo anexa al VI Congreso Panamericano de Arquitectos, Lima, Per\u00fa<\/p>\n<p><strong>1951<\/strong><br \/>\nUniversidad de Harvard, Robinson Hall, exposici\u00f3n realizada por el Centro de Estudiantes de Arquitectura<\/p>\n<p><strong>1955<\/strong><br \/>\nUniversidad de Harvard, exposici\u00f3n realizada en ocasi\u00f3n del viaje de Amancio Williams invitado por el Departamento de Estado de los EE.UU. y varias universidades de ese pa\u00eds<\/p>\n<p>Instituto de Arte Americano e Investigaciones Est\u00e9ticas, exposici\u00f3n organizada en forma conjunta con la Facultad de Arquitectura de la Universidad de Buenos Aires, prorrogada un mes a pedido del p\u00fablico visitante<\/p>\n<p><strong>1955-1956<\/strong><br \/>\nMuseo de Arte Moderno de Nueva York, Arquitectura en Am\u00e9rica Latina<\/p>\n<p><strong>1958<\/strong><br \/>\nExposici\u00f3n Internacional de Bruselas, donde obtiene Medalla de Oro su trabajo Sala para el Espect\u00e1culo Pl\u00e1stico y el Sonido en el Espacio<\/p>\n<p><strong>1959<\/strong><br \/>\nExposici\u00f3n Internacional de Mosc\u00fa, congreso internacional de Arquitectos<\/p>\n<p><strong>1961<\/strong><br \/>\nVI Bienal de San Pablo, sala exclusiva dentro del pabell\u00f3n argentino<\/p>\n<p><strong>1966<\/strong><br \/>\nUniversidad de Yale, Art of Latin America since Independence, exposici\u00f3n m\u00f3vil trasladada luego a varias universidades e institutos de EE.UU.<\/p>\n<p><strong>1968<\/strong><br \/>\nMuseo de Arte Moderno de Nueva York, exposici\u00f3n Architecture of Museums, proyecto Casa en Punta del Este para la Fundaci\u00f3n Di Tella<\/p>\n<p><strong>1969<\/strong><br \/>\nMuseo Nacional de Bellas Artes, Buenos Aires, exposici\u00f3n Bauhaus, exhibici\u00f3n de la maqueta del proyecto para la Embajada de Alemania en Buenos Aires<\/p>\n<p><strong>1975<\/strong><br \/>\nUniversidad de la Rep\u00fablica, Montevideo, exposici\u00f3n auspiciada por la Embajada de la Rep\u00fablica Argentina y la Sociedad de Arquitectos del Uruguay<\/p>\n<p><strong>1979<\/strong><br \/>\nThe Drawing Center, Nueva York, Visionary Drawings of Architecture and Planning. Esta exposici\u00f3n de dibujos originales de varios artistas dirigida por George Collins, dur\u00f3 cuatro meses para convertirse luego en exposici\u00f3n circulante en EE.UU. y Europa<\/p>\n<p><strong>1980<\/strong><br \/>\nMuseo Nacional de Arte Decorativo, Buenos Aires, Exposici\u00f3n organizada por el Centro de Arte y Comunicaci\u00f3n con motivo del Segundo Encuentro Internacional de Cr\u00edticos de Arquitectura<\/p>\n<p><strong>1987<\/strong><br \/>\nUniversidad de Harvard, Graduate School of Design Gund Hall Gallery, exposici\u00f3n organizada por Jorge Silvetti<\/p>\n<p>El Museo de Arte Moderno de Nueva York y el Museo de La Fundaci\u00f3n Guggenheim de Nueva York poseen obras de Amancio Williams expuestas en forma permanente<\/p>\n","protected":false},"excerpt":{"rendered":"<p>1946-1947 Museo de la Fundaci\u00f3n Guggenheim, Nueva York, continuada por exposiciones circulantes organizadas por el mismo 1947 Exposition internacional de l\u2019Urbanismo et l\u2019Architecture, Par\u00eds. Stand realizado con la colaboraci\u00f3n del taller de Le Corbusier sobre la obra de Williams Universidad de Montevideo, Uruguay, Centro de Estudiantes de Arquitectura, Exposici\u00f3n de Arquitectura y Urbanismo VI Exposici\u00f3n [&hellip;]<\/p>\n","protected":false},"author":1,"featured_media":0,"parent":0,"menu_order":0,"comment_status":"closed","ping_status":"closed","template":"","meta":{"footnotes":""},"class_list":["post-94","page","type-page","status-publish","hentry"],"acf":[],"yoast_head":"<!-- This site is optimized with the Yoast SEO plugin v26.9 - https:\/\/yoast.com\/product\/yoast-seo-wordpress\/ -->\n<title>Exposiciones - Amancio Williams<\/title>\n<meta name=\"robots\" content=\"index, follow, max-snippet:-1, max-image-preview:large, max-video-preview:-1\" \/>\n<link rel=\"canonical\" href=\"https:\/\/monoambiente.com.ar\/amanciowilliams\/exposiciones\/\" \/>\n<meta property=\"og:locale\" content=\"es_ES\" \/>\n<meta property=\"og:type\" content=\"article\" \/>\n<meta property=\"og:title\" content=\"Exposiciones - Amancio Williams\" \/>\n<meta property=\"og:description\" content=\"1946-1947 Museo de la Fundaci\u00f3n Guggenheim, Nueva York, continuada por exposiciones circulantes organizadas por el mismo 1947 Exposition internacional de l\u2019Urbanismo et l\u2019Architecture, Par\u00eds. Stand realizado con la colaboraci\u00f3n del taller de Le Corbusier sobre la obra de Williams Universidad de Montevideo, Uruguay, Centro de Estudiantes de Arquitectura, Exposici\u00f3n de Arquitectura y Urbanismo VI Exposici\u00f3n [&hellip;]\" \/>\n<meta property=\"og:url\" content=\"https:\/\/monoambiente.com.ar\/amanciowilliams\/exposiciones\/\" \/>\n<meta property=\"og:site_name\" content=\"Amancio Williams\" \/>\n<meta name=\"twitter:card\" content=\"summary_large_image\" \/>\n<meta name=\"twitter:label1\" content=\"Tiempo de lectura\" \/>\n\t<meta name=\"twitter:data1\" content=\"2 minutos\" \/>\n<script type=\"application\/ld+json\" class=\"yoast-schema-graph\">{\"@context\":\"https:\/\/schema.org\",\"@graph\":[{\"@type\":\"WebPage\",\"@id\":\"https:\/\/monoambiente.com.ar\/amanciowilliams\/exposiciones\/\",\"url\":\"https:\/\/monoambiente.com.ar\/amanciowilliams\/exposiciones\/\",\"name\":\"Exposiciones - Amancio Williams\",\"isPartOf\":{\"@id\":\"https:\/\/monoambiente.com.ar\/amanciowilliams\/#website\"},\"datePublished\":\"2023-01-11T20:24:26+00:00\",\"inLanguage\":\"es\",\"potentialAction\":[{\"@type\":\"ReadAction\",\"target\":[\"https:\/\/monoambiente.com.ar\/amanciowilliams\/exposiciones\/\"]}]},{\"@type\":\"WebSite\",\"@id\":\"https:\/\/monoambiente.com.ar\/amanciowilliams\/#website\",\"url\":\"https:\/\/monoambiente.com.ar\/amanciowilliams\/\",\"name\":\"Amancio Williams\",\"description\":\"Digitalizaci\u00f3n y puesta en valor del Archivo Williams\",\"potentialAction\":[{\"@type\":\"SearchAction\",\"target\":{\"@type\":\"EntryPoint\",\"urlTemplate\":\"https:\/\/monoambiente.com.ar\/amanciowilliams\/?s={search_term_string}\"},\"query-input\":{\"@type\":\"PropertyValueSpecification\",\"valueRequired\":true,\"valueName\":\"search_term_string\"}}],\"inLanguage\":\"es\"}]}<\/script>\n<!-- \/ Yoast SEO plugin. -->","yoast_head_json":{"title":"Exposiciones - Amancio Williams","robots":{"index":"index","follow":"follow","max-snippet":"max-snippet:-1","max-image-preview":"max-image-preview:large","max-video-preview":"max-video-preview:-1"},"canonical":"https:\/\/monoambiente.com.ar\/amanciowilliams\/exposiciones\/","og_locale":"es_ES","og_type":"article","og_title":"Exposiciones - Amancio Williams","og_description":"1946-1947 Museo de la Fundaci\u00f3n Guggenheim, Nueva York, continuada por exposiciones circulantes organizadas por el mismo 1947 Exposition internacional de l\u2019Urbanismo et l\u2019Architecture, Par\u00eds. Stand realizado con la colaboraci\u00f3n del taller de Le Corbusier sobre la obra de Williams Universidad de Montevideo, Uruguay, Centro de Estudiantes de Arquitectura, Exposici\u00f3n de Arquitectura y Urbanismo VI Exposici\u00f3n [&hellip;]","og_url":"https:\/\/monoambiente.com.ar\/amanciowilliams\/exposiciones\/","og_site_name":"Amancio Williams","twitter_card":"summary_large_image","twitter_misc":{"Tiempo de lectura":"2 minutos"},"schema":{"@context":"https:\/\/schema.org","@graph":[{"@type":"WebPage","@id":"https:\/\/monoambiente.com.ar\/amanciowilliams\/exposiciones\/","url":"https:\/\/monoambiente.com.ar\/amanciowilliams\/exposiciones\/","name":"Exposiciones - Amancio Williams","isPartOf":{"@id":"https:\/\/monoambiente.com.ar\/amanciowilliams\/#website"},"datePublished":"2023-01-11T20:24:26+00:00","inLanguage":"es","potentialAction":[{"@type":"ReadAction","target":["https:\/\/monoambiente.com.ar\/amanciowilliams\/exposiciones\/"]}]},{"@type":"WebSite","@id":"https:\/\/monoambiente.com.ar\/amanciowilliams\/#website","url":"https:\/\/monoambiente.com.ar\/amanciowilliams\/","name":"Amancio Williams","description":"Digitalizaci\u00f3n y puesta en valor del Archivo Williams","potentialAction":[{"@type":"SearchAction","target":{"@type":"EntryPoint","urlTemplate":"https:\/\/monoambiente.com.ar\/amanciowilliams\/?s={search_term_string}"},"query-input":{"@type":"PropertyValueSpecification","valueRequired":true,"valueName":"search_term_string"}}],"inLanguage":"es"}]}},"_links":{"self":[{"href":"https:\/\/monoambiente.com.ar\/amanciowilliams\/wp-json\/wp\/v2\/pages\/94","targetHints":{"allow":["GET"]}}],"collection":[{"href":"https:\/\/monoambiente.com.ar\/amanciowilliams\/wp-json\/wp\/v2\/pages"}],"about":[{"href":"https:\/\/monoambiente.com.ar\/amanciowilliams\/wp-json\/wp\/v2\/types\/page"}],"author":[{"embeddable":true,"href":"https:\/\/monoambiente.com.ar\/amanciowilliams\/wp-json\/wp\/v2\/users\/1"}],"replies":[{"embeddable":true,"href":"https:\/\/monoambiente.com.ar\/amanciowilliams\/wp-json\/wp\/v2\/comments?post=94"}],"version-history":[{"count":1,"href":"https:\/\/monoambiente.com.ar\/amanciowilliams\/wp-json\/wp\/v2\/pages\/94\/revisions"}],"predecessor-version":[{"id":95,"href":"https:\/\/monoambiente.com.ar\/amanciowilliams\/wp-json\/wp\/v2\/pages\/94\/revisions\/95"}],"wp:attachment":[{"href":"https:\/\/monoambiente.com.ar\/amanciowilliams\/wp-json\/wp\/v2\/media?parent=94"}],"curies":[{"name":"wp","href":"https:\/\/api.w.org\/{rel}","templated":true}]}}