{"id":102,"date":"2023-01-11T17:26:04","date_gmt":"2023-01-11T20:26:04","guid":{"rendered":"https:\/\/monoambiente.com.ar\/amanciowilliams\/?page_id=102"},"modified":"2023-01-11T17:26:04","modified_gmt":"2023-01-11T20:26:04","slug":"otras-actividades","status":"publish","type":"page","link":"https:\/\/monoambiente.com.ar\/amanciowilliams\/otras-actividades\/","title":{"rendered":"Otras actividades"},"content":{"rendered":"<p><strong>1949<\/strong><br \/>\nOrganizaci\u00f3n de la exposici\u00f3n Arquitectura y Urbanismo de Nuestro Tiempo en Galer\u00eda Kraft con la colaboraci\u00f3n de Tom\u00e1s Maldonado y alumnos del taller<\/p>\n<p><strong>1951<\/strong><br \/>\nDescubrimiento Arqueol\u00f3gico en la Quebrada del Toro, Provincia de Salta. Hallazgo de antiguos dibujos grabados en las grandes piedras de un pucar\u00e1<\/p>\n<p><strong>1957<\/strong><br \/>\nFundaci\u00f3n de la Colecci\u00f3n Documentos del Siglo Veinte, Editorial Contempora, con el objeto de hacer conocer las grandes obras de nuestro tiempo. Public\u00f3 varias ediciones de la Carta de Atenas<\/p>\n<p><strong>1958<\/strong><br \/>\nPresentaci\u00f3n de la exposici\u00f3n de dise\u00f1o de modas, telas y pinturas de Fridl Loos en el Museo de Arte Moderno de R\u00edo de Janeiro. Llev\u00f3 el cat\u00e1logo introducci\u00f3n de Amancio Williams<\/p>\n<p><strong>1961<\/strong><br \/>\nPresentaci\u00f3n de la exposici\u00f3n de trabajos de Roberto Burle Marx en el Museo Nacional de Bellas Artes, Buenos Aires. La exposici\u00f3n, exhibida en otros pa\u00edses, llev\u00f3 en su cat\u00e1logo introducci\u00f3n de Amancio William<\/p>\n<p><strong>1963<\/strong><br \/>\nOrganizaci\u00f3n y montaje de la exposici\u00f3n retrospectiva del pintor argentino Rodolfo Alcorta en el Museo de Arte Moderno, Buenos Aires. Llev\u00f3 el cat\u00e1logo introducci\u00f3n de Amancio Williams<\/p>\n<p><strong>1964<\/strong><br \/>\nPresentaci\u00f3n de la exposici\u00f3n de la escultora argentina Mar\u00eda Sim\u00f3n<\/p>\n","protected":false},"excerpt":{"rendered":"<p>1949 Organizaci\u00f3n de la exposici\u00f3n Arquitectura y Urbanismo de Nuestro Tiempo en Galer\u00eda Kraft con la colaboraci\u00f3n de Tom\u00e1s Maldonado y alumnos del taller 1951 Descubrimiento Arqueol\u00f3gico en la Quebrada del Toro, Provincia de Salta. Hallazgo de antiguos dibujos grabados en las grandes piedras de un pucar\u00e1 1957 Fundaci\u00f3n de la Colecci\u00f3n Documentos del Siglo [&hellip;]<\/p>\n","protected":false},"author":1,"featured_media":0,"parent":0,"menu_order":0,"comment_status":"closed","ping_status":"closed","template":"","meta":{"footnotes":""},"class_list":["post-102","page","type-page","status-publish","hentry"],"acf":[],"yoast_head":"<!-- This site is optimized with the Yoast SEO plugin v26.9 - https:\/\/yoast.com\/product\/yoast-seo-wordpress\/ -->\n<title>Otras actividades - Amancio Williams<\/title>\n<meta name=\"robots\" content=\"index, follow, max-snippet:-1, max-image-preview:large, max-video-preview:-1\" \/>\n<link rel=\"canonical\" href=\"https:\/\/monoambiente.com.ar\/amanciowilliams\/otras-actividades\/\" \/>\n<meta property=\"og:locale\" content=\"es_ES\" \/>\n<meta property=\"og:type\" content=\"article\" \/>\n<meta property=\"og:title\" content=\"Otras actividades - Amancio Williams\" \/>\n<meta property=\"og:description\" content=\"1949 Organizaci\u00f3n de la exposici\u00f3n Arquitectura y Urbanismo de Nuestro Tiempo en Galer\u00eda Kraft con la colaboraci\u00f3n de Tom\u00e1s Maldonado y alumnos del taller 1951 Descubrimiento Arqueol\u00f3gico en la Quebrada del Toro, Provincia de Salta. Hallazgo de antiguos dibujos grabados en las grandes piedras de un pucar\u00e1 1957 Fundaci\u00f3n de la Colecci\u00f3n Documentos del Siglo [&hellip;]\" \/>\n<meta property=\"og:url\" content=\"https:\/\/monoambiente.com.ar\/amanciowilliams\/otras-actividades\/\" \/>\n<meta property=\"og:site_name\" content=\"Amancio Williams\" \/>\n<meta name=\"twitter:card\" content=\"summary_large_image\" \/>\n<meta name=\"twitter:label1\" content=\"Tiempo de lectura\" \/>\n\t<meta name=\"twitter:data1\" content=\"1 minuto\" \/>\n<script type=\"application\/ld+json\" class=\"yoast-schema-graph\">{\"@context\":\"https:\/\/schema.org\",\"@graph\":[{\"@type\":\"WebPage\",\"@id\":\"https:\/\/monoambiente.com.ar\/amanciowilliams\/otras-actividades\/\",\"url\":\"https:\/\/monoambiente.com.ar\/amanciowilliams\/otras-actividades\/\",\"name\":\"Otras actividades - Amancio Williams\",\"isPartOf\":{\"@id\":\"https:\/\/monoambiente.com.ar\/amanciowilliams\/#website\"},\"datePublished\":\"2023-01-11T20:26:04+00:00\",\"inLanguage\":\"es\",\"potentialAction\":[{\"@type\":\"ReadAction\",\"target\":[\"https:\/\/monoambiente.com.ar\/amanciowilliams\/otras-actividades\/\"]}]},{\"@type\":\"WebSite\",\"@id\":\"https:\/\/monoambiente.com.ar\/amanciowilliams\/#website\",\"url\":\"https:\/\/monoambiente.com.ar\/amanciowilliams\/\",\"name\":\"Amancio Williams\",\"description\":\"Digitalizaci\u00f3n y puesta en valor del Archivo Williams\",\"potentialAction\":[{\"@type\":\"SearchAction\",\"target\":{\"@type\":\"EntryPoint\",\"urlTemplate\":\"https:\/\/monoambiente.com.ar\/amanciowilliams\/?s={search_term_string}\"},\"query-input\":{\"@type\":\"PropertyValueSpecification\",\"valueRequired\":true,\"valueName\":\"search_term_string\"}}],\"inLanguage\":\"es\"}]}<\/script>\n<!-- \/ Yoast SEO plugin. -->","yoast_head_json":{"title":"Otras actividades - Amancio Williams","robots":{"index":"index","follow":"follow","max-snippet":"max-snippet:-1","max-image-preview":"max-image-preview:large","max-video-preview":"max-video-preview:-1"},"canonical":"https:\/\/monoambiente.com.ar\/amanciowilliams\/otras-actividades\/","og_locale":"es_ES","og_type":"article","og_title":"Otras actividades - Amancio Williams","og_description":"1949 Organizaci\u00f3n de la exposici\u00f3n Arquitectura y Urbanismo de Nuestro Tiempo en Galer\u00eda Kraft con la colaboraci\u00f3n de Tom\u00e1s Maldonado y alumnos del taller 1951 Descubrimiento Arqueol\u00f3gico en la Quebrada del Toro, Provincia de Salta. Hallazgo de antiguos dibujos grabados en las grandes piedras de un pucar\u00e1 1957 Fundaci\u00f3n de la Colecci\u00f3n Documentos del Siglo [&hellip;]","og_url":"https:\/\/monoambiente.com.ar\/amanciowilliams\/otras-actividades\/","og_site_name":"Amancio Williams","twitter_card":"summary_large_image","twitter_misc":{"Tiempo de lectura":"1 minuto"},"schema":{"@context":"https:\/\/schema.org","@graph":[{"@type":"WebPage","@id":"https:\/\/monoambiente.com.ar\/amanciowilliams\/otras-actividades\/","url":"https:\/\/monoambiente.com.ar\/amanciowilliams\/otras-actividades\/","name":"Otras actividades - Amancio Williams","isPartOf":{"@id":"https:\/\/monoambiente.com.ar\/amanciowilliams\/#website"},"datePublished":"2023-01-11T20:26:04+00:00","inLanguage":"es","potentialAction":[{"@type":"ReadAction","target":["https:\/\/monoambiente.com.ar\/amanciowilliams\/otras-actividades\/"]}]},{"@type":"WebSite","@id":"https:\/\/monoambiente.com.ar\/amanciowilliams\/#website","url":"https:\/\/monoambiente.com.ar\/amanciowilliams\/","name":"Amancio Williams","description":"Digitalizaci\u00f3n y puesta en valor del Archivo Williams","potentialAction":[{"@type":"SearchAction","target":{"@type":"EntryPoint","urlTemplate":"https:\/\/monoambiente.com.ar\/amanciowilliams\/?s={search_term_string}"},"query-input":{"@type":"PropertyValueSpecification","valueRequired":true,"valueName":"search_term_string"}}],"inLanguage":"es"}]}},"_links":{"self":[{"href":"https:\/\/monoambiente.com.ar\/amanciowilliams\/wp-json\/wp\/v2\/pages\/102","targetHints":{"allow":["GET"]}}],"collection":[{"href":"https:\/\/monoambiente.com.ar\/amanciowilliams\/wp-json\/wp\/v2\/pages"}],"about":[{"href":"https:\/\/monoambiente.com.ar\/amanciowilliams\/wp-json\/wp\/v2\/types\/page"}],"author":[{"embeddable":true,"href":"https:\/\/monoambiente.com.ar\/amanciowilliams\/wp-json\/wp\/v2\/users\/1"}],"replies":[{"embeddable":true,"href":"https:\/\/monoambiente.com.ar\/amanciowilliams\/wp-json\/wp\/v2\/comments?post=102"}],"version-history":[{"count":1,"href":"https:\/\/monoambiente.com.ar\/amanciowilliams\/wp-json\/wp\/v2\/pages\/102\/revisions"}],"predecessor-version":[{"id":103,"href":"https:\/\/monoambiente.com.ar\/amanciowilliams\/wp-json\/wp\/v2\/pages\/102\/revisions\/103"}],"wp:attachment":[{"href":"https:\/\/monoambiente.com.ar\/amanciowilliams\/wp-json\/wp\/v2\/media?parent=102"}],"curies":[{"name":"wp","href":"https:\/\/api.w.org\/{rel}","templated":true}]}}